{"id":43,"date":"2024-03-05T16:32:09","date_gmt":"2024-03-05T15:32:09","guid":{"rendered":"http:\/\/xn--matekmskpp-x4a2h.hu\/?page_id=43"},"modified":"2024-03-05T21:01:47","modified_gmt":"2024-03-05T20:01:47","slug":"telefonszam","status":"publish","type":"page","link":"https:\/\/xn--matekmskpp-x4a2h.hu\/?page_id=43","title":{"rendered":"Telefonsz\u00e1m"},"content":{"rendered":"\n<h3 class=\"wp-block-heading has-text-align-center\"><strong>\u00c9RDEKL\u0150D\u00c9S\u00dcKET NAPONTA 12 \u00c9S 19 \u00d3RA K\u00d6Z\u00d6TT<\/strong><br><strong>V\u00c1RJUK A 0630 976 0266-OS TELEFONSZ\u00c1MON.<\/strong><\/h3>\n","protected":false},"excerpt":{"rendered":"<p>\u00c9RDEKL\u0150D\u00c9S\u00dcKET NAPONTA 12 \u00c9S 19 \u00d3RA K\u00d6Z\u00d6TTV\u00c1RJUK A 0630 976 0266-OS TELEFONSZ\u00c1MON.<\/p>\n","protected":false},"author":1,"featured_media":0,"parent":0,"menu_order":0,"comment_status":"closed","ping_status":"closed","template":"","meta":{"footnotes":""},"class_list":["post-43","page","type-page","status-publish","hentry"],"_links":{"self":[{"href":"https:\/\/xn--matekmskpp-x4a2h.hu\/index.php?rest_route=\/wp\/v2\/pages\/43","targetHints":{"allow":["GET"]}}],"collection":[{"href":"https:\/\/xn--matekmskpp-x4a2h.hu\/index.php?rest_route=\/wp\/v2\/pages"}],"about":[{"href":"https:\/\/xn--matekmskpp-x4a2h.hu\/index.php?rest_route=\/wp\/v2\/types\/page"}],"author":[{"embeddable":true,"href":"https:\/\/xn--matekmskpp-x4a2h.hu\/index.php?rest_route=\/wp\/v2\/users\/1"}],"replies":[{"embeddable":true,"href":"https:\/\/xn--matekmskpp-x4a2h.hu\/index.php?rest_route=%2Fwp%2Fv2%2Fcomments&post=43"}],"version-history":[{"count":2,"href":"https:\/\/xn--matekmskpp-x4a2h.hu\/index.php?rest_route=\/wp\/v2\/pages\/43\/revisions"}],"predecessor-version":[{"id":102,"href":"https:\/\/xn--matekmskpp-x4a2h.hu\/index.php?rest_route=\/wp\/v2\/pages\/43\/revisions\/102"}],"wp:attachment":[{"href":"https:\/\/xn--matekmskpp-x4a2h.hu\/index.php?rest_route=%2Fwp%2Fv2%2Fmedia&parent=43"}],"curies":[{"name":"wp","href":"https:\/\/api.w.org\/{rel}","templated":true}]}}