{"id":115,"date":"2024-03-16T13:03:57","date_gmt":"2024-03-16T12:03:57","guid":{"rendered":"https:\/\/xn--matekmskpp-x4a2h.hu\/?page_id=115"},"modified":"2024-03-21T23:07:53","modified_gmt":"2024-03-21T22:07:53","slug":"pottom-matek","status":"publish","type":"page","link":"https:\/\/xn--matekmskpp-x4a2h.hu\/?page_id=115","title":{"rendered":"P\u00f6tt\u00f6m matek"},"content":{"rendered":"\n<h1 class=\"wp-block-heading has-text-align-center\">P\u00f6tt\u00f6m matek <\/h1>\n\n\n\n<div class=\"wp-block-columns is-layout-flex wp-container-core-columns-is-layout-28f84493 wp-block-columns-is-layout-flex\">\n<div class=\"wp-block-column is-layout-flow wp-block-column-is-layout-flow\" style=\"flex-basis:100%\">\n<figure class=\"wp-block-image size-full\"><img loading=\"lazy\" decoding=\"async\" width=\"172\" height=\"126\" src=\"https:\/\/xn--matekmskpp-x4a2h.hu\/wp-content\/uploads\/2024\/03\/kep-2.png\" alt=\"\" class=\"wp-image-156\"\/><\/figure>\n<\/div>\n<\/div>\n\n\n\n<h2 class=\"wp-block-heading\"><strong>Als\u00f3soknak<\/strong><\/h2>\n\n\n\n<p><strong>2.-os, 3.-os, 4.-es gyerekek <\/strong>r\u00e9sz\u00e9re speci\u00e1lis, az <strong>alapfogalmakra <\/strong>\u00f6sszpontos\u00edt\u00f3<strong>,<\/strong> az <strong>\u00edr\u00e1sbeli alapm\u0171veleteket <\/strong>\u00e9s a <strong>fejsz\u00e1mol\u00e1s<\/strong>t megtan\u00edt\u00f3,<strong> <\/strong>meger\u0151s\u00edt\u0151, begyakoroltat\u00f3, illetve a hi\u00e1nyoss\u00e1gokat bep\u00f3tl\u00f3 tan\u00edt\u00e1st v\u00e1llalunk.<br>A <strong>tan\u00edt\u00e1s<\/strong> <strong>c\u00e9lja <\/strong>hogy a gyerekek meg\u00e9rts\u00e9k, elsaj\u00e1t\u00edts\u00e1k a <em>SZ\u00c1MTAN<\/em>  legm\u00e9lyebb alapjait, hogy otthonosabb\u00e1 tegy\u00fck \u0151ket a sz\u00e1mok vil\u00e1g\u00e1ban, \u00e9s hogy ne f\u00e9ljenek a matekt\u00f3l, hogy elfelejtess\u00fck vel\u00fck a &#8222;matematika mumus\u00e1t&#8221;. Azaz, val\u00f3j\u00e1ban <strong>olyan alapok l\u00e9trehoz\u00e1sa, amelyre k\u00e9s\u0151bb<\/strong>, a kicsit nehezebb als\u00f3-tagozatos, majd a tov\u00e1bbiakban<strong>, a fels\u0151-tagozatos matematika anyaga k\u00f6nnyen r\u00e1\u00e9p\u00edthet\u0151.<\/strong><\/p>\n\n\n\n<p>A tan\u00edt\u00e1st informatikus-pszichol\u00f3gus v\u00e9gzi t\u00f6bb mint 25 \u00e9ves matematikaoktat\u00e1si tapasztalattal.<\/p>\n\n\n\n<p>Minden gyereket <strong>egy\u00e9nileg felm\u00e9r\u00fcnk<\/strong>, \u00e9s a felm\u00e9r\u00e9s eredm\u00e9ny\u00e9nek megfelel\u0151en foglalkozunk vele.<\/p>\n\n\n\n<p>Az oktat\u00e1s legfeljebb <strong>4-5 f\u0151s minicsoportban<\/strong> folyik, de <strong>egy\u00e9ni tan\u00edt\u00e1s<\/strong> is lehets\u00e9ges, ha a felm\u00e9r\u00e9s szerint erre van sz\u00fcks\u00e9g.<\/p>\n\n\n\n<p>\u00c9rdekl\u0151d\u00e9s\u00fcket szeretettel v\u00e1rjuk az al\u00e1bbi telefonsz\u00e1mon:<\/p>\n\n\n\n<h2 class=\"wp-block-heading has-text-align-center\"><strong> 0630 976 02 66<\/strong><\/h2>\n\n\n\n<figure class=\"wp-block-image alignright size-full\"><img loading=\"lazy\" decoding=\"async\" width=\"111\" height=\"151\" src=\"https:\/\/xn--matekmskpp-x4a2h.hu\/wp-content\/uploads\/2024\/03\/kep-4.png\" alt=\"\" class=\"wp-image-158\"\/><\/figure>\n\n\n\n<h2 class=\"wp-block-heading\"><strong>V\u00e9gz\u0151s \u00f3vod\u00e1soknak<\/strong><\/h2>\n\n\n\n<p>Sz\u00e1mtani (matematikai) iskolael\u0151k\u00e9sz\u00edt\u0151: R\u00f6videsen a szeptembert\u0151l els\u0151 oszt\u00e1lyba k\u00e9sz\u00fcl\u0151 piciknek is ind\u00edtunk a sz\u00e1mtan (a matematika) alapjaival foglalkoz\u00f3, iskolael\u0151k\u00e9sz\u00edt\u0151  tanfolyamokat. Err\u0151l b\u0151vebben H\u00fasv\u00e9t k\u00f6rny\u00e9k\u00e9n fogunk \u00edrni ugyanitt. K\u00e9rj\u00fck, n\u00e9zzen vissza akkor&#8230;  <\/p>\n","protected":false},"excerpt":{"rendered":"<p>P\u00f6tt\u00f6m matek Als\u00f3soknak 2.-os, 3.-os, 4.-es gyerekek r\u00e9sz\u00e9re speci\u00e1lis, az alapfogalmakra \u00f6sszpontos\u00edt\u00f3, az \u00edr\u00e1sbeli alapm\u0171veleteket \u00e9s a fejsz\u00e1mol\u00e1st megtan\u00edt\u00f3, meger\u0151s\u00edt\u0151, begyakoroltat\u00f3, illetve a hi\u00e1nyoss\u00e1gokat bep\u00f3tl\u00f3 tan\u00edt\u00e1st v\u00e1llalunk.A tan\u00edt\u00e1s c\u00e9lja hogy a gyerekek meg\u00e9rts\u00e9k, elsaj\u00e1t\u00edts\u00e1k a SZ\u00c1MTAN legm\u00e9lyebb alapjait, hogy otthonosabb\u00e1 tegy\u00fck \u0151ket a sz\u00e1mok vil\u00e1g\u00e1ban, \u00e9s hogy ne f\u00e9ljenek a matekt\u00f3l, hogy elfelejtess\u00fck vel\u00fck a [&hellip;]<\/p>\n","protected":false},"author":1,"featured_media":0,"parent":0,"menu_order":0,"comment_status":"closed","ping_status":"closed","template":"","meta":{"footnotes":""},"class_list":["post-115","page","type-page","status-publish","hentry"],"_links":{"self":[{"href":"https:\/\/xn--matekmskpp-x4a2h.hu\/index.php?rest_route=\/wp\/v2\/pages\/115","targetHints":{"allow":["GET"]}}],"collection":[{"href":"https:\/\/xn--matekmskpp-x4a2h.hu\/index.php?rest_route=\/wp\/v2\/pages"}],"about":[{"href":"https:\/\/xn--matekmskpp-x4a2h.hu\/index.php?rest_route=\/wp\/v2\/types\/page"}],"author":[{"embeddable":true,"href":"https:\/\/xn--matekmskpp-x4a2h.hu\/index.php?rest_route=\/wp\/v2\/users\/1"}],"replies":[{"embeddable":true,"href":"https:\/\/xn--matekmskpp-x4a2h.hu\/index.php?rest_route=%2Fwp%2Fv2%2Fcomments&post=115"}],"version-history":[{"count":13,"href":"https:\/\/xn--matekmskpp-x4a2h.hu\/index.php?rest_route=\/wp\/v2\/pages\/115\/revisions"}],"predecessor-version":[{"id":173,"href":"https:\/\/xn--matekmskpp-x4a2h.hu\/index.php?rest_route=\/wp\/v2\/pages\/115\/revisions\/173"}],"wp:attachment":[{"href":"https:\/\/xn--matekmskpp-x4a2h.hu\/index.php?rest_route=%2Fwp%2Fv2%2Fmedia&parent=115"}],"curies":[{"name":"wp","href":"https:\/\/api.w.org\/{rel}","templated":true}]}}

Pöttöm matek

<h1 class="wp-block-heading has-text-align-center">Pöttöm matek </h1>



<div class="wp-block-columns is-layout-flex wp-container-core-columns-is-layout-28f84493 wp-block-columns-is-layout-flex">
<div class="wp-block-column is-layout-flow wp-block-column-is-layout-flow" style="flex-basis:100%">
<figure class="wp-block-image size-full"><img loading="lazy" decoding="async" width="172" height="126" src="https://xn--matekmskpp-x4a2h.hu/wp-content/uploads/2024/03/kep-2.png" alt="" class="wp-image-156"/></figure>
</div>
</div>



<h2 class="wp-block-heading"><strong>Alsósoknak</strong></h2>



<p><strong>2.-os, 3.-os, 4.-es gyerekek </strong>részére speciális, az <strong>alapfogalmakra </strong>összpontosító<strong>,</strong> az <strong>írásbeli alapműveleteket </strong>és a <strong>fejszámolás</strong>t megtanító,<strong> </strong>megerősítő, begyakoroltató, illetve a hiányosságokat bepótló tanítást vállalunk.<br>A <strong>tanítás</strong> <strong>célja </strong>hogy a gyerekek megértsék, elsajátítsák a <em>SZÁMTAN</em>  legmélyebb alapjait, hogy otthonosabbá tegyük őket a számok világában, és hogy ne féljenek a matektól, hogy elfelejtessük velük a &#8222;matematika mumusát&#8221;. Azaz, valójában <strong>olyan alapok létrehozása, amelyre később</strong>, a kicsit nehezebb alsó-tagozatos, majd a továbbiakban<strong>, a felső-tagozatos matematika anyaga könnyen ráépíthető.</strong></p>



<p>A tanítást informatikus-pszichológus végzi több mint 25 éves matematikaoktatási tapasztalattal.</p>



<p>Minden gyereket <strong>egyénileg felmérünk</strong>, és a felmérés eredményének megfelelően foglalkozunk vele.</p>



<p>Az oktatás legfeljebb <strong>4-5 fős minicsoportban</strong> folyik, de <strong>egyéni tanítás</strong> is lehetséges, ha a felmérés szerint erre van szükség.</p>



<p>Érdeklődésüket szeretettel várjuk az alábbi telefonszámon:</p>



<h2 class="wp-block-heading has-text-align-center"><strong> 0630 976 02 66</strong></h2>



<figure class="wp-block-image alignright size-full"><img loading="lazy" decoding="async" width="111" height="151" src="https://xn--matekmskpp-x4a2h.hu/wp-content/uploads/2024/03/kep-4.png" alt="" class="wp-image-158"/></figure>



<h2 class="wp-block-heading"><strong>Végzős óvodásoknak</strong></h2>



<p>Számtani (matematikai) iskolaelőkészítő: Rövidesen a szeptembertől első osztályba készülő piciknek is indítunk a számtan (a matematika) alapjaival foglalkozó, iskolaelőkészítő  tanfolyamokat. Erről bővebben Húsvét környékén fogunk írni ugyanitt. Kérjük, nézzen vissza akkor&#8230;  </p>

<p>Pöttöm matek Alsósoknak 2.-os, 3.-os, 4.-es gyerekek részére speciális, az alapfogalmakra összpontosító, az írásbeli alapműveleteket és a fejszámolást megtanító, megerősítő, begyakoroltató, illetve a hiányosságokat bepótló tanítást vállalunk.A tanítás célja hogy a gyerekek megértsék, elsajátítsák a SZÁMTAN legmélyebb alapjait, hogy otthonosabbá tegyük őket a számok világában, és hogy ne féljenek a matektól, hogy elfelejtessük velük a [&hellip;]</p>
